is the greatest common factor of 63 and f?
9
Let s = -6 + 8. Let y be (6 - 6)*(-1)/s. Suppose y*o - 4*o + 52 = 0. What is the greatest common divisor of 13 and o?
13
Let g = 26 + -15. What is the highest common factor of 33 and g?
11
Let u(v) = v**3 - 19*v**2 + 18*v + 26. Let x be u(18). What is the highest common factor of x and 52?
26
Let q(w) = -6*w**3 - 2*w**2 + 2*w + 6. Let a be q(-3). What is the highest common divisor of 18 and a?
18
Suppose -5*j + 19 = 4. Suppose 0 = -2*g + 29 + j. Suppose -4*w - z + 95 = 0, -w + 30 - 1 = -5*z. What is the highest common divisor of g and w?
8
Let o(d) = 4 - 2 - 2 + 1 - 9*d**3 - d**2. Let l be o(-1). Calculate the highest common divisor of 36 and l.
9
Let i(n) = 2*n**2 + 3*n - 1. Let t be i(2). Calculate the greatest common divisor of t and 143.
13
Let m(v) = -49*v - 1. Let y be m(1). Let u = 11 + -6. Let d = u - y. Calculate the highest common factor of d and 11.
11
Let k = 288 + 0. Calculate the greatest common factor of 32 and k.
32
Let t = 154 - 108. Calculate the highest common divisor of t and 46.
46
Let t = -19 - -52. Suppose k - t - 5 = -5*w, -4*w - 74 = -5*k. Let s = k - 9. Calculate the greatest common divisor of 27 and s.
9
Let g(x) = 3*x**2 + 14*x - 34. Let i be g(2). Let f = -13 - -19. Let n = -4 + f. Calculate the highest common divisor of i and n.
2
Suppose 5*p + 0*p - 40 = 0. Calculate the greatest common factor of 8 and p.
8
Let o(w) = -w**3 - 5*w**2 + 3*w - 1. Let r be o(-6). Let b = 48 - 14. Calculate the highest common factor of r and b.
17
Let l be 1/(-2) + (-501)/(-2). Suppose 2*o = -3*o + l. Let u = -65 - -75. Calculate the greatest common divisor of o and u.
10
Suppose 0*c = -3*c + 54. What is the highest common factor of c and 90?
18
Suppose j - 129 = 3*m - m, -2*m = -3*j + 399. What is the greatest common divisor of 27 and j?
27
Suppose 0*t + 4*t = 40. What is the highest common factor of t and 5?
5
Suppose -4*r + 28 = -5*g, 0 = -4*g - 22 + 6. Let v(j) = 2*j - 1. Let m be v(-1). Let a = 4 + m. What is the highest common factor of r and a?
1
Suppose 15*c = 12*c + 672. What is the greatest common factor of c and 32?
32
Let r(d) = -3*d**3 - 3*d**2 - d. Let k be r(-1). Calculate the highest common factor of k and 5.
1
Let o(z) = z**3 + 4*z**2 - 2*z - 4. Let r be o(-3). Calculate the greatest common factor of r and 33.
11
Let b(j) = j - 4. Let u be b(6). Suppose -4*k + 68 = z, -3*z - 48 = -u*k - 0*z. Suppose -11*r + 6*r + 30 = 0. What is the greatest common divisor of k and r?
6
Suppose -v + 5*m - 56 - 79 = 0, 0 = m - 3. Suppose 0 = -2*q - 3*p + 379, -p - 207 = -q + p. Let i = q + v. What is the highest common factor of i and 11?
11
Let q be (0 - -96)/((-21)/14 - -3). Calculate the highest common divisor of 96 and q.
32
Let b = 32 - 22. Suppose -5*n = -8 - 12. Suppose 3*j - 2 = n. Calculate the greatest common factor of b and j.
2
Suppose -c - 1 = -3*m, -4*m + 0 = -3*c - 13. Let u be (-410)/(-8) + c/28. Calculate the greatest common factor of u and 34.
17
Let n(g) = -g + 11. Let c be n(8). Suppose p - 24 = c. What is the greatest common divisor of p and 18?
9
Let k = -2 + -20. Let g = 37 + k. Calculate the highest common divisor of g and 5.
5
Let f(v) = -14*v - 4. Let l(w) = 70*w + 21. Let q(g) = -11*f(g) - 2*l(g). Let y be q(5). Calculate the highest common divisor of 8 and y.
8
Let y = 4 - 2. Let t = 10 + -39. Let m be (1 + t)/(6/(-3)). Calculate the greatest common factor of y and m.
2
Suppose 5*s - 20 = -0, -f + 200 = 4*s. What is the highest common factor of 23 and f?
23
Suppose 0 = -4*r - 0*v - 5*v - 16, 4*r = 2*v - 16. Let i = r + 14. Calculate the highest common factor of 50 and i.
10
Suppose -3*u + 170 = 2*u + 5*k, -4*k = -u + 24. Let x be u*(5/(-2) - -3). Calculate the highest common factor of x and 24.
8
Let j(k) = 43*k - 9. Let y be j(3). What is the highest common factor of y and 10?
10
Suppose 21 + 62 = h + r, -5*h - 2*r = -421. What is the greatest common factor of h and 5?
5
Let c be 1 + (-4)/6*3/(-2). What is the greatest common factor of 18 and c?
2
Suppose 3*q - 14 = q. Let l be 560/q*(-2)/(-4). Calculate the greatest common factor of l and 8.
8
Suppose -6*u = -4*u - 12. Calculate the highest common divisor of 9 and u.
3
Suppose 34 = 3*f - 4*t, -3*t - 2 + 64 = 4*f. Calculate the greatest common divisor of f and 42.
14
Suppose 4*o - 12 = -4. Suppose -j = -0*j - o. Suppose -n - 3*u = -u - 8, j*n - 2*u + 2 = 0. What is the highest common divisor of n and 8?
2
Let j = 38 + -18. Suppose -5*l + 5*s = 25, 4 = 4*l - 3*s + j. Let z be 42/3 - (0 + l). What is the highest common divisor of z and 3?
3
Let x(g) be the first derivative of g**3/3 + 3*g**2/2 + 3*g + 2. Let c be x(-3). Let m be (-2)/c + 94/6. What is the greatest common divisor of 120 and m?
15
Suppose 2 + 90 = 4*j. What is the highest common factor of j and 69?
23
Let c = -4 - -6. Suppose -2*t - s = -t + 10, -3*s - 24 = c*t. Let d be (-99)/t*2/3. What is the highest common factor of 11 and d?
11
Suppose -3*x - x - 4 = 0, -5*k = 4*x + 4. Suppose k = -5*c + 40. Calculate the greatest common factor of 56 and c.
8
Let t = -2 + 5. Suppose t*x = 4*x - 12. Let m(c) = 7*c**2 + c. Let d be m(1). What is the highest common factor of d and x?
4
Let f be (14/(-21))/(1/(-15)). Calculate the greatest common divisor of 40 and f.
10
Suppose 2*h + 2*h - 24 = 0. Let s = 14 - h. What is the greatest common divisor of 20 and s?
4
Let r be 15/20 + (-6)/8. Suppose r = -d + 3*d - 8. Calculate the highest common factor of 8 and d.
4
Let t be 2/(-5)*(1 - 6). Suppose -t*f = -16 - 4. Let h = -2 + 12. What is the greatest common divisor of h and f?
10
Suppose 2*b + 49 = 481. What is the greatest common factor of b and 27?
27
Let w = 25 - 15. Calculate the greatest common factor of w and 90.
10
Let u be (1*12)/((-3)/(-4)). Let h = 10 - 20. Let z be (24/h)/(6/(-320)). Calculate the highest common divisor of u and z.
16
Let a = 32 + -22. What is the greatest common divisor of 25 and a?
5
Let n(v) = v**3 - v**2 + 9*v - 15. Let p be n(7). Calculate the highest common factor of 38 and p.
38
Let q be -1*(0 + -1) - -15. Suppose -3*d = a - q + 5, -3*a = -d - 13. Calculate the highest common factor of 5 and a.
5
Let g(w) = w**3 - w**2 - 2. Let r be g(2). Let t(o) = -o + 5. Suppose 5 = -3*s - 10, u - 8 = s. Let v be t(u). Calculate the greatest common divisor of r and v.
2
Suppose 33 = 3*r - 0. What is the greatest common divisor of r and 121?
11
Suppose 194 = -10*i + 2954. Calculate the greatest common divisor of i and 12.
12
Let x = -30 - -75. Suppose w + 2*w - 27 = 0. Calculate the highest common factor of w and x.
9
Let j = -10 - -14. Let n be 2/j*13*2. Calculate the greatest common divisor of 78 and n.
13
Let f(m) = -3*m. Let x be f(-8). Suppose -5*t = -x - 156. Let h(i) = -5*i + 9. Let u be h(-9). What is the greatest common divisor of t and u?
18
Let s(m) = m**3 - 11*m**2 + m - 1. Let t be s(11). What is the highest common factor of t and 80?
10
Suppose 11 + 29 = 5*d. Calculate the greatest common factor of d and 56.
8
Suppose 3*p = -2*p. Let g be p - (0 + -22 + -1). Calculate the highest common factor of g and 46.
23
Let f(b) = b**2 - 4*b - 9. Let l be f(-6). What is the highest common factor of l and 34?
17
Let l(j) = 59*j + 46. Let w(x) = -12*x - 9. Let d(p) = -2*l(p) - 11*w(p). Let f be d(4). Calculate the greatest common divisor of f and 7.
7
Let f(w) = 2*w - 12. Let m(i) = -i + 6. Let z = 5 - 10. Let o(b) = z*m(b) - 3*f(b). Let s be o(4). What is the highest common factor of 2 and s?
2
Let i = 7 - 1. Let y(k) = -k**2 + 8*k - 8. Let c be y(i). What is the highest common factor of c and 12?
4
Let i be 8/10*15/6. Suppose -72 = q - i*q. What is the highest common divisor of 18 and q?
18
Let s be (-2 - 1) + (-12)/(-2). Suppose 10 = 2*r + u, 2*u - 22 = -s*r - 9. Let l be (-2)/7 - 1623/(-21). Calculate the highest common factor of r and l.
7
Suppose 0 = 11*o - 7*o + 8. Let t be o*2/(-4)*3. What is the highest common divisor of 1 and t?
1
Suppose m = -2*m + 18. Let a(w) = -w**3 + 6*w**2 + 3*w - 9. Let h be a(m). What is the highest common factor of h and 1?
1
Let g = 17 + -2. What is the greatest common factor of g and 135?
15
Suppose 0 = 4*b - 2*b - 268. Suppose 4*i = h + 2*i - b, 377 = 3*h - i. Let q be (-4)/(-14) - h/(-7). Calculate the h